{"id":14,"date":"2020-02-17T16:41:29","date_gmt":"2020-02-17T15:41:29","guid":{"rendered":"http:\/\/mahle.hydrotrade.pl\/?page_id=14"},"modified":"2025-01-28T12:34:20","modified_gmt":"2025-01-28T11:34:20","slug":"strona-glowna","status":"publish","type":"page","link":"http:\/\/mahle.hydrotrade.pl\/","title":{"rendered":"Strona g\u0142\u00f3wna"},"content":{"rendered":"\n<figure class=\"wp-block-image size-full\"><img decoding=\"async\" width=\"500\" height=\"500\" data-src=\"http:\/\/mahle.hydrotrade.pl\/wp-content\/uploads\/2020\/02\/mahle-hydraulic-oil-filter-500x500_20200217155007719.jpg\" alt=\"Katalog Filtr\u00f3w Mahle\" class=\"wp-image-9361 lazyload\" data-srcset=\"http:\/\/mahle.hydrotrade.pl\/wp-content\/uploads\/2020\/02\/mahle-hydraulic-oil-filter-500x500_20200217155007719.jpg 500w, http:\/\/mahle.hydrotrade.pl\/wp-content\/uploads\/2020\/02\/mahle-hydraulic-oil-filter-500x500_20200217155007719-300x300.jpg 300w, http:\/\/mahle.hydrotrade.pl\/wp-content\/uploads\/2020\/02\/mahle-hydraulic-oil-filter-500x500_20200217155007719-150x150.jpg 150w, http:\/\/mahle.hydrotrade.pl\/wp-content\/uploads\/2020\/02\/mahle-hydraulic-oil-filter-500x500_20200217155007719-160x160.jpg 160w, http:\/\/mahle.hydrotrade.pl\/wp-content\/uploads\/2020\/02\/mahle-hydraulic-oil-filter-500x500_20200217155007719-100x100.jpg 100w\" data-sizes=\"(max-width: 500px) 100vw, 500px\" src=\"data:image\/svg+xml;base64,PHN2ZyB3aWR0aD0iMSIgaGVpZ2h0PSIxIiB4bWxucz0iaHR0cDovL3d3dy53My5vcmcvMjAwMC9zdmciPjwvc3ZnPg==\" style=\"--smush-placeholder-width: 500px; --smush-placeholder-aspect-ratio: 500\/500;\" \/><\/figure>\n\n\n\n<p>Witamy na stronie dystrybutora filtr\u00f3w przemys\u0142owych HYDROTRADE Polska, kt\u00f3ry w swej bogatej ofercie posiada r\u00f3wnie\u017c filtry marki Mahle.<\/p>\n\n\n\n<p>HYDROTRADE wsp\u00f3\u0142pracuje z czo\u0142owymi europejskimi producentami materia\u0142\u00f3w filtracyjnych. Jako polski producent filtr\u00f3w dysponujemy zapleczem laboratoryjnym wychodz\u0105c na przeciw oczekiwaniom klienta. W naszej ofercie znajdziecie Pa\u0144stwo takie wyroby jak :<\/p>\n\n\n\n<p>*Filtry ochrony osobistej, maski i p\u00f3\u0142maski smog\u00f3w.<\/p>\n\n\n\n<p>*Filtry i wk\u0142ady oczyszczania powietrza,<\/p>\n\n\n\n<p>*Specjalistyczne formatki i worki filtracyjne oczyszczania powietrza i cieczy np. CNC itp.<\/p>\n\n\n\n<p>*Filtry hydrauliczne,<\/p>\n\n\n\n<p>*Zamienniki filtr\u00f3w do urz\u0105dze\u0144 przemys\u0142owych.<br><\/p>\n\n\n\n<p>Jako dystrybutor filtr\u00f3w ju\u017c od 2011 roku prowadzimy sprzeda\u017c staraj\u0105c si\u0119 sprosta\u0107 wymaganiom rynku cz\u0119\u015bci zamiennych. Ju\u017c od wielu lat pracujemy z najwi\u0119kszymi firmami w Polsce oferuj\u0105c im najlepsze rozwi\u0105zania. Nasza domen\u0105 jest szybko\u015b\u0107 dzia\u0142ania i szeroka wiedza na temat filtr\u00f3w Mahle. Obs\u0142ugujemy obszar ca\u0142ej Polski.  W przypadku w\u0105tpliwo\u015bci dysponujemy wiedz\u0105 i wsparciem w doborze odpowiedniego produktu Mahle.  Nasi pracownicy s\u0105 zawsze do Pa\u0144stwa dyspozycji. W przypadku wyst\u0105pienia wi\u0119kszych potrzeb zawsze jeste\u015bmy gotowi dostosowa\u0107 optymalnie ofert\u0119, aby na jej fundamencie oprze\u0107 nasz\u0105 przysz\u0142\u0105 partnersk\u0105 wsp\u00f3\u0142prac\u0119. Je\u015bli natomiast nasz katalog nie zawiera kodu Pa\u0144stwa filtra\/wk\u0142adu filtracyjnego prosimy  o informacj\u0119, zapewne b\u0119dziemy wstanie zweryfikowa\u0107 poprawno\u015b\u0107 kodu i podpowiedzie\u0107 jego prawid\u0142owy ci\u0105g, naturalnie wsparty partnersk\u0105 ofert\u0105 sprzeda\u017cy. Szeroka gama filtr\u00f3w Mahle dost\u0119pna jest w naszym serwisie.<\/p>\n\n\n\n<p><strong>Nasza firma od dnia 01.01.2025 roku oferuje wy\u0142\u0105cznie zamienniki filtr\u00f3w MAHLE. <\/strong><\/p>\n\n\n\n<p><\/p>\n","protected":false},"excerpt":{"rendered":"<p>Witamy na stronie dystrybutora filtr\u00f3w przemys\u0142owych HYDROTRADE Polska, kt\u00f3ry w swej bogatej ofercie posiada r\u00f3wnie\u017c filtry marki Mahle. HYDROTRADE wsp\u00f3\u0142pracuje z czo\u0142owymi europejskimi producentami materia\u0142\u00f3w filtracyjnych. Jako polski producent filtr\u00f3w dysponujemy zapleczem laboratoryjnym wychodz\u0105c na przeciw oczekiwaniom klienta. W naszej ofercie znajdziecie Pa\u0144stwo takie wyroby jak : *Filtry ochrony osobistej, maski i p\u00f3\u0142maski smog\u00f3w. *Filtry &hellip; <\/p>\n<p class=\"link-more\"><a href=\"http:\/\/mahle.hydrotrade.pl\/\" class=\"more-link\">Czytaj dalej<span class=\"screen-reader-text\"> \u201eStrona g\u0142\u00f3wna\u201d<\/span><\/a><\/p>\n","protected":false},"author":1,"featured_media":0,"parent":0,"menu_order":0,"comment_status":"closed","ping_status":"closed","template":"","meta":{"_exactmetrics_skip_tracking":false,"_exactmetrics_sitenote_active":false,"_exactmetrics_sitenote_note":"","_exactmetrics_sitenote_category":0,"footnotes":""},"class_list":["post-14","page","type-page","status-publish","hentry"],"_links":{"self":[{"href":"http:\/\/mahle.hydrotrade.pl\/index.php\/wp-json\/wp\/v2\/pages\/14","targetHints":{"allow":["GET"]}}],"collection":[{"href":"http:\/\/mahle.hydrotrade.pl\/index.php\/wp-json\/wp\/v2\/pages"}],"about":[{"href":"http:\/\/mahle.hydrotrade.pl\/index.php\/wp-json\/wp\/v2\/types\/page"}],"author":[{"embeddable":true,"href":"http:\/\/mahle.hydrotrade.pl\/index.php\/wp-json\/wp\/v2\/users\/1"}],"replies":[{"embeddable":true,"href":"http:\/\/mahle.hydrotrade.pl\/index.php\/wp-json\/wp\/v2\/comments?post=14"}],"version-history":[{"count":0,"href":"http:\/\/mahle.hydrotrade.pl\/index.php\/wp-json\/wp\/v2\/pages\/14\/revisions"}],"wp:attachment":[{"href":"http:\/\/mahle.hydrotrade.pl\/index.php\/wp-json\/wp\/v2\/media?parent=14"}],"curies":[{"name":"wp","href":"https:\/\/api.w.org\/{rel}","templated":true}]}}